- 243 = 111. Suppose 0 = -c + 164 - r. Suppose -90 = -4*k - 3*l + 22, 0 = 5*k - 5*l - c. Calculate the highest common factor of k and 75.
25
Let s(x) = 2197*x**2 + 2431*x - 2432. Let b be s(1). What is the greatest common divisor of 1708 and b?
244
Let t(i) = i**2 - 14*i - 87. Let q be t(19). Suppose -q*d = -505 + 313. What is the greatest common divisor of 30 and d?
6
Let v = 854 - 846. Suppose -5*k + 35 = -f, 14 = 4*k - 2*f - v. What is the greatest common factor of k and 4?
4
Let n = 14792 + -14787. Calculate the greatest common divisor of n and 11.
1
Let y(t) = -13*t**2 + 7*t - 5. Let p be y(4). Let j = -21 - p. Let n be 2583/18*(-3 - (-46)/14). Calculate the greatest common divisor of n and j.
41
Let d be -11 - (-1 + -6) - 110. Let t be (d/9)/((-23)/69). What is the greatest common factor of t and 114?
38
Let r be (36 - 84/70)/((-2)/(-10)). What is the greatest common factor of 24 and r?
6
Suppose 20*a = 18*a - 252. Let m = -118 - a. Calculate the greatest common divisor of 376 and m.
8
Suppose -2*b + 5*b = 84. Suppose 9251 = -32*c + 1827. Let o = c - -267. What is the highest common factor of b and o?
7
Let c(a) = a**2 + 28*a + 75. Let r be c(-25). Suppose 3*l - 4641 = 5*m, r = l - 17*m + 14*m - 1547. What is the greatest common factor of l and 91?
91
Let z(n) = -n**3 + 14*n**2 - 50*n + 2. Let v be z(6). Let x be (-90)/(-72) + 127/(-8)*v. Calculate the highest common factor of x and 20.
20
Suppose -2*q = -32*t + 35*t - 2137, 4*t - 2880 = 5*q. Calculate the highest common factor of 1144 and t.
143
Let u = -2272 + 3367. What is the greatest common factor of u and 120?
15
Suppose -2*c - 5*x = -266, -360*c + 355*c + 698 = -4*x. What is the highest common divisor of 18078 and c?
138
Let w be (1590/(-24)*-4)/(7/(308 - -7)). Calculate the greatest common factor of w and 60.
15
Let p(h) = 330*h + 299. Let b be p(0). What is the highest common factor of b and 92?
23
Let w be (-2)/(-6)*(-540)/(-90). Let b(g) = 11*g**2 - 12*g + 8. Let a be b(w). What is the highest common divisor of a and 84?
28
Let u(o) = -15*o + 331. Let a be u(20). Calculate the highest common factor of a and 992.
31
Let p = -1071 + 1110. Calculate the highest common divisor of p and 1131.
39
Suppose -33 = 5*k - 13. Let g be (k - -5) + 394/2. Suppose 0 = -231*r + 233*r - 44. What is the greatest common divisor of r and g?
22
Suppose 0 = 3*r + 3*k - 42, -18*r + 23*r = 4*k + 43. Calculate the greatest common factor of r and 10153.
11
Let i(h) = 2*h**3 + 27*h**2 + 83*h - 1. Let j be i(-5). Suppose -4*v + 15 = -3*d - 18, 3*v + d - 28 = 0. What is the highest common factor of v and j?
9
Suppose 76*a + 47403 - 103155 = 665108. What is the greatest common factor of 5 and a?
5
Let f(y) = 76*y**2 + 17*y - 6. Let j be f(3). Let m = j + -410. What is the highest common divisor of 58 and m?
29
Let q = -65 + 75. Let k = q - -6. Let l(x) = -2*x**3 + 43*x**2 - 16*x - 49. Let z be l(21). What is the highest common divisor of k and z?
8
Suppose -2*k - 200 = -3*d, -k + 72 = d - 3*k. Suppose -m + 3*m = d. Let l be ((-60)/(-14))/((-3685)/(-247632)). What is the greatest common factor of m and l?
32
Let p = 194 + -116. Let z(x) = 197 + 24 - 83 + 14*x. Let g be z(-8). Calculate the greatest common factor of g and p.
26
Suppose 8002 + 20755 = -38*c + 195577. What is the greatest common divisor of c and 10?
10
Let u be 525/(-450)*(-84)/2. Calculate the highest common divisor of 16513 and u.
49
Let f(c) be the first derivative of -8*c**2 - 16. Let s be f(-2). Let g = 58 - s. Calculate the highest common factor of 130 and g.
26
Let h be ((-16)/(-1))/((-1)/(-5)). Suppose 66*l + 52959 = -67*l + 55087. Calculate the greatest common factor of l and h.
16
Let w = -3456 - -3510. Calculate the greatest common factor of 62 and w.
2
Let q be ((-6)/9)/((-2)/117). Suppose 190 = -12*g - 326. Let t = -30 - g. What is the greatest common divisor of q and t?
13
Let w be (-1)/(-4) - ((-942930)/120 + 28). What is the highest common divisor of w and 1080?
270
Let u be 17 - (3 - 6/1). Suppose 0*s + u = 5*s. Suppose 0*a + 24 = 2*a. What is the highest common factor of a and s?
4
Let m = -21077 - -34750. Calculate the highest common factor of m and 22.
11
Let m be -77*(-5)/(315/324). Let b(p) = -p**3 + 88. Let r be b(0). What is the greatest common factor of m and r?
44
Let b(w) = 125*w - 701. Let y be b(10). Calculate the greatest common divisor of y and 9.
9
Suppose 0 = -8*y - 575 + 599. Suppose 4 = -c, 2*d - 107 = -3*d + y*c. What is the highest common divisor of d and 76?
19
Let p = 1984 - 1830. Let q be (2 - 0)*(1 + 6). Calculate the greatest common factor of q and p.
14
Let q(z) = -3*z**2 - 144*z - 58. Let o be q(-33). What is the greatest common factor of o and 1?
1
Suppose -8*j + 142 = -1666. What is the greatest common divisor of 10057 and j?
113
Let r be (-1764)/(-56)*(-10)/12*-4. Calculate the greatest common factor of r and 3276.
21
Suppose -2*w + 18 = -w. Suppose -21 = -13*g + w. What is the greatest common factor of g and 8?
1
Let w be (-3)/(-9) - (-22)/6. Suppose -w*n = 54 - 234. What is the highest common divisor of 15 and n?
15
Let z = 5520 + -5442. Calculate the highest common factor of z and 534.
6
Let b be 1*56 - ((-1220)/2135)/((-3)/(-21)). Let z(t) = 34*t**2 - 2*t. Let q be z(2). What is the highest common divisor of q and b?
12
Suppose -11*m + 579 = -356. What is the highest common divisor of 136 and m?
17
Let c = 13 - -137. Suppose 0 = 7*a + 142 + 166. Let i be (-4)/(-22) - 1312/a. Calculate the highest common divisor of i and c.
30
Let u be (36/(-15))/((-3)/60). Let j = 63 - 63. Suppose -4*a + 213 + 75 = j. What is the highest common factor of a and u?
24
Let y = -159 + 163. Suppose -3*a + 39 = 5*i - 111, y*a - 226 = 2*i. Let s = -34 - -56. What is the greatest common factor of s and a?
11
Let q = 192 - -1848. Calculate the greatest common divisor of q and 120.
120
Suppose -f - 364 = -14*f. Suppose 2*y - f = -14. What is the highest common divisor of 91 and y?
7
Suppose -4*d + 4*u + u + 11 = 0, 0 = -5*d + 5*u + 15. Let s(j) = -7*j**2 - 527*j - 112. Let t be s(-75). Calculate the highest common factor of d and t.
2
Suppose -6*f + 195 = -f. Let a = -39 + f. Suppose 0*g - 105 = -5*g - 5*i, 2*g - 2*i - 26 = a. What is the highest common factor of 136 and g?
17
Let q(j) = -40*j - 6. Let g(v) = -2*v**2 + 11*v - 6. Let t be g(5). Let b be q(t). Calculate the greatest common divisor of b and 170.
34
Suppose 0*y = y + 4*w + 20, -2*y = w + 5. Let u(m) = 8*m - 34. Let k be u(y). Let d = 43 - k. What is the greatest common divisor of d and 33?
11
Let p(q) = 2*q**2 + 12*q - 1180. Let h be p(41). What is the highest common factor of h and 14?
14
Let d be ((-5)/(-4))/((-121)/(-1936)). Calculate the highest common divisor of 165 and d.
5
Suppose 4*w - 5*c = -1759, 2*w + 2*c = 315 - 1181. Let h = -382 - w. Calculate the highest common divisor of h and 432.
54
Let n be (-2 + 3)*-8 + 15836 + 14. Calculate the greatest common factor of 178 and n.
178
Suppose 7*r - 1756 + 566 = 0. Let x be 1216/24 + (-3)/(-9). Calculate the highest common divisor of x and r.
17
Let l be ((-6885)/(-108))/(2/448). Calculate the greatest common factor of 120 and l.
120
Let t(z) = 67*z**2 + 15*z + 25. Let a be t(-5). What is the highest common factor of 299 and a?
13
Let o(k) = k**2 - 16*k + 15. Suppose q - 6 = -2*w + 16, 2*q = 4*w + 4. Let j be o(q). Let u = -27 - j. What is the greatest common factor of u and 24?
6
Suppose -3*b - 13 = -43. Let j = 1067 + -797. Calculate the greatest common divisor of j and b.
10
Let s be (231/(-132))/((-3)/9696). What is the highest common factor of 24 and s?
8
Let h = -2145 + 4035. Calculate the highest common divisor of h and 45.
45
Let g be 13 + -4 + 0 + -2. Suppose 5*b - 6*b + 349 = 2*q, 3*b = -2*q + 339. Let d = -121 + q. What is the greatest common factor of d and g?
7
Suppose 11*x = 3175 - 2680. Calculate the greatest common factor of x and 150.
15
Suppose 8*k = 11*k. Suppose x + 15 - 17 = k. Suppose 0 = 5*m + 2*t - 81, -m - x*t - 3*t + 30 = 0. Calculate the highest common factor of 15 and m.
15
Let f = -24309 + 24321. Calculate the greatest common factor of f and 208.
4
Suppose 0 = 4*k - 4*r - 520, -8*k = -4*k - 5*r - 520. Suppose -k = 14*s - 690. What is the highest common factor of 56 and s?